{"id":115,"date":"2023-11-22T19:59:00","date_gmt":"2023-11-22T18:59:00","guid":{"rendered":"https:\/\/die2raeder.de\/wpn\/?page_id=115"},"modified":"2025-12-04T19:41:30","modified_gmt":"2025-12-04T18:41:30","slug":"leistungen-service","status":"publish","type":"page","link":"https:\/\/die2raeder.de\/wpn\/leistungen-service\/","title":{"rendered":"Leistungen &#038; Service"},"content":{"rendered":"\n<p>In dieser Kategorie m\u00f6chten wir Dir unsere Leistungen vorstellen. Unter jedem Punkt findest Du eine ausf\u00fchrliche Beschreibung mit n\u00fctzlichen Informationen zum jeweiligen Thema. Auch unsere Philosophie und Denkweisen m\u00f6chten wir hier gerne mit Dir teilen.<\/p>\n\n\n\n<p>Du erreichst die Punkte ganz einfach \u00fcber das orangene Dropdown-Men\u00fc oder einem Klick auf den jeweiligen Punkt in dieser Liste:<\/p>\n\n\n\n<ul class=\"wp-block-list\">\n<li><a href=\"https:\/\/die2raeder.de\/wpn\/ankauf\/\" data-type=\"page\" data-id=\"57\">Ankauf<\/a><\/li>\n\n\n\n<li><a href=\"https:\/\/die2raeder.de\/wpn\/abholung-und-lieferung\/\" data-type=\"page\" data-id=\"33\">Abholung und Lieferung<\/a><\/li>\n\n\n\n<li><a href=\"https:\/\/die2raeder.de\/wpn\/fuehrerschein-infos\/\" data-type=\"page\" data-id=\"41\">F\u00fchrerschein Infos<\/a><\/li>\n\n\n\n<li><a href=\"https:\/\/die2raeder.de\/wpn\/finanzierung\/\" data-type=\"page\" data-id=\"43\">Finanzierung<\/a><\/li>\n<\/ul>\n\n\n\n<p><\/p>\n","protected":false},"excerpt":{"rendered":"<p>In dieser Kategorie m\u00f6chten wir Dir unsere Leistungen vorstellen. Unter jedem Punkt findest Du eine ausf\u00fchrliche Beschreibung mit n\u00fctzlichen Informationen zum jeweiligen Thema. Auch unsere&hellip;<\/p>\n","protected":false},"author":1,"featured_media":0,"parent":0,"menu_order":0,"comment_status":"closed","ping_status":"closed","template":"","meta":{"footnotes":""},"class_list":["post-115","page","type-page","status-publish","hentry"],"_links":{"self":[{"href":"https:\/\/die2raeder.de\/wpn\/wp-json\/wp\/v2\/pages\/115","targetHints":{"allow":["GET"]}}],"collection":[{"href":"https:\/\/die2raeder.de\/wpn\/wp-json\/wp\/v2\/pages"}],"about":[{"href":"https:\/\/die2raeder.de\/wpn\/wp-json\/wp\/v2\/types\/page"}],"author":[{"embeddable":true,"href":"https:\/\/die2raeder.de\/wpn\/wp-json\/wp\/v2\/users\/1"}],"replies":[{"embeddable":true,"href":"https:\/\/die2raeder.de\/wpn\/wp-json\/wp\/v2\/comments?post=115"}],"version-history":[{"count":7,"href":"https:\/\/die2raeder.de\/wpn\/wp-json\/wp\/v2\/pages\/115\/revisions"}],"predecessor-version":[{"id":1140,"href":"https:\/\/die2raeder.de\/wpn\/wp-json\/wp\/v2\/pages\/115\/revisions\/1140"}],"wp:attachment":[{"href":"https:\/\/die2raeder.de\/wpn\/wp-json\/wp\/v2\/media?parent=115"}],"curies":[{"name":"wp","href":"https:\/\/api.w.org\/{rel}","templated":true}]}}