{"id":18,"date":"2023-11-22T19:45:28","date_gmt":"2023-11-22T18:45:28","guid":{"rendered":"https:\/\/die2raeder.de\/wpn\/?page_id=18"},"modified":"2023-11-23T01:24:36","modified_gmt":"2023-11-23T00:24:36","slug":"impressum","status":"publish","type":"page","link":"https:\/\/die2raeder.de\/wpn\/impressum\/","title":{"rendered":"Impressum"},"content":{"rendered":"\n<p><strong>Die 2 R\u00e4der GmbH &amp; Co. KG<\/strong><br>S\u00fcdring 11a<br>59368 Werne<br>Tel. + 49 2389\/925825<br>Fax. + 49 2389\/925826<br>E-Mail: info(at)die2raeder.de<\/p>\n\n\n\n<p><em>Pers\u00f6nlich haftende Gesellschafterin der Die 2 R\u00e4der GmbH &amp; Co. KG:<\/em><br>Die 2 R\u00e4der GmbH &amp; Co. KG<br><em>Gesch\u00e4ftsf\u00fchrer der Die 2 R\u00e4der GmbH &amp; Co. KG:<\/em><br>Benedikt Kutschat<\/p>\n\n\n\n<p>Registergericht: Amtsgericht Dortmund<br>Registernummer: HRA 19227<\/p>\n\n\n\n<p>Umsatzsteuer-Identifikationsnummer gem\u00e4\u00df \u00a7 27a Umsatzsteuergesetz:<br>DE-346464241<\/p>\n\n\n\n<p>Redaktionelle Verantwortung:<br>Benedikt Kutschat<\/p>\n\n\n\n<hr class=\"wp-block-separator has-alpha-channel-opacity\"\/>\n\n\n\n<h3 class=\"wp-block-heading\"><strong><mark style=\"background-color:rgba(0, 0, 0, 0);color:#fc8813\" class=\"has-inline-color\">Haftungshinweis:<\/mark><\/strong><\/h3>\n\n\n\n<p>Wir \u00fcbernehmen \u00fcbernimmt keinerlei Verantwortung oder Haftung f\u00fcr die Angaben auf dieser Webseite. Unser Ziel ist es, aktuelle und genaue Informationen bereitzustellen. Allerdings kann nicht garantiert werden, dass die auf dieser Webseite verf\u00fcgbaren Angaben tats\u00e4chlich aktuell, umfassend, komplett oder genau sind.<\/p>\n\n\n\n<p>Bei den bereitgestellten Informationen handelt es sich um solche allgemeiner Art, die nicht auf die besonderen Bed\u00fcrfnisse bestimmter Personen oder Unternehmen abgestimmt sind. Insbesondere soll durch sie keine Beratung erfolgen.<\/p>\n\n\n\n<p>Sofern von dieser Webseite auf andere Webseiten verwiesen wird, k\u00f6nnen wir deren Inhalt nicht beeinflussen und f\u00fcr diesen auch keine Verantwortung \u00fcbernehmen.<\/p>\n\n\n\n<hr class=\"wp-block-separator has-alpha-channel-opacity\"\/>\n\n\n\n<p>Das Theme der Homepage basiert auf dem Theme <strong><a href=\"https:\/\/pressmaximum.com\/customify\" data-type=\"link\" data-id=\"https:\/\/pressmaximum.com\/customify\" target=\"_blank\" rel=\"noreferrer noopener nofollow\">Customify<\/a><a href=\"https:\/\/pressmaximum.com\/customify\" data-type=\"link\" data-id=\"https:\/\/pressmaximum.com\/customify\">.<\/a><\/strong><\/p>\n","protected":false},"excerpt":{"rendered":"<p>Die 2 R\u00e4der GmbH &amp; Co. KGS\u00fcdring 11a59368 WerneTel. + 49 2389\/925825Fax. + 49 2389\/925826E-Mail: info(at)die2raeder.de Pers\u00f6nlich haftende Gesellschafterin der Die 2 R\u00e4der GmbH &amp;&hellip;<\/p>\n","protected":false},"author":1,"featured_media":0,"parent":0,"menu_order":0,"comment_status":"closed","ping_status":"closed","template":"","meta":{"footnotes":""},"class_list":["post-18","page","type-page","status-publish","hentry"],"_links":{"self":[{"href":"https:\/\/die2raeder.de\/wpn\/wp-json\/wp\/v2\/pages\/18","targetHints":{"allow":["GET"]}}],"collection":[{"href":"https:\/\/die2raeder.de\/wpn\/wp-json\/wp\/v2\/pages"}],"about":[{"href":"https:\/\/die2raeder.de\/wpn\/wp-json\/wp\/v2\/types\/page"}],"author":[{"embeddable":true,"href":"https:\/\/die2raeder.de\/wpn\/wp-json\/wp\/v2\/users\/1"}],"replies":[{"embeddable":true,"href":"https:\/\/die2raeder.de\/wpn\/wp-json\/wp\/v2\/comments?post=18"}],"version-history":[{"count":3,"href":"https:\/\/die2raeder.de\/wpn\/wp-json\/wp\/v2\/pages\/18\/revisions"}],"predecessor-version":[{"id":258,"href":"https:\/\/die2raeder.de\/wpn\/wp-json\/wp\/v2\/pages\/18\/revisions\/258"}],"wp:attachment":[{"href":"https:\/\/die2raeder.de\/wpn\/wp-json\/wp\/v2\/media?parent=18"}],"curies":[{"name":"wp","href":"https:\/\/api.w.org\/{rel}","templated":true}]}}

<p><strong>Die 2 Räder GmbH &amp; Co. KG</strong><br>Südring 11a<br>59368 Werne<br>Tel. + 49 2389/925825<br>Fax. + 49 2389/925826<br>E-Mail: info(at)die2raeder.de</p>



<p><em>Persönlich haftende Gesellschafterin der Die 2 Räder GmbH &amp; Co. KG:</em><br>Die 2 Räder GmbH &amp; Co. KG<br><em>Geschäftsführer der Die 2 Räder GmbH &amp; Co. KG:</em><br>Benedikt Kutschat</p>



<p>Registergericht: Amtsgericht Dortmund<br>Registernummer: HRA 19227</p>



<p>Umsatzsteuer-Identifikationsnummer gemäß § 27a Umsatzsteuergesetz:<br>DE-346464241</p>



<p>Redaktionelle Verantwortung:<br>Benedikt Kutschat</p>



<hr class="wp-block-separator has-alpha-channel-opacity"/>



<h3 class="wp-block-heading"><strong><mark style="background-color:rgba(0, 0, 0, 0);color:#fc8813" class="has-inline-color">Haftungshinweis:</mark></strong></h3>



<p>Wir übernehmen übernimmt keinerlei Verantwortung oder Haftung für die Angaben auf dieser Webseite. Unser Ziel ist es, aktuelle und genaue Informationen bereitzustellen. Allerdings kann nicht garantiert werden, dass die auf dieser Webseite verfügbaren Angaben tatsächlich aktuell, umfassend, komplett oder genau sind.</p>



<p>Bei den bereitgestellten Informationen handelt es sich um solche allgemeiner Art, die nicht auf die besonderen Bedürfnisse bestimmter Personen oder Unternehmen abgestimmt sind. Insbesondere soll durch sie keine Beratung erfolgen.</p>



<p>Sofern von dieser Webseite auf andere Webseiten verwiesen wird, können wir deren Inhalt nicht beeinflussen und für diesen auch keine Verantwortung übernehmen.</p>



<hr class="wp-block-separator has-alpha-channel-opacity"/>



<p>Das Theme der Homepage basiert auf dem Theme <strong><a href="https://pressmaximum.com/customify" data-type="link" data-id="https://pressmaximum.com/customify" target="_blank" rel="noreferrer noopener nofollow">Customify</a><a href="https://pressmaximum.com/customify" data-type="link" data-id="https://pressmaximum.com/customify">.</a></strong></p>

<p>Die 2 Räder GmbH &amp; Co. KGSüdring 11a59368 WerneTel. + 49 2389/925825Fax. + 49 2389/925826E-Mail: info(at)die2raeder.de Persönlich haftende Gesellschafterin der Die 2 Räder GmbH &amp;&hellip;</p>
