{"id":33,"date":"2023-11-22T19:50:15","date_gmt":"2023-11-22T18:50:15","guid":{"rendered":"https:\/\/die2raeder.de\/wpn\/?page_id=33"},"modified":"2023-11-30T12:45:52","modified_gmt":"2023-11-30T11:45:52","slug":"abholung-und-lieferung","status":"publish","type":"page","link":"https:\/\/die2raeder.de\/wpn\/abholung-und-lieferung\/","title":{"rendered":"Abholung und Lieferung"},"content":{"rendered":"\n<div class=\"wp-block-columns is-layout-flex wp-container-core-columns-is-layout-9d6595d7 wp-block-columns-is-layout-flex\">\n<div class=\"wp-block-column is-layout-flow wp-block-column-is-layout-flow\" style=\"flex-basis:66.66%\">\n<p>Es ist nicht selten, dass reparaturbed\u00fcrftige&nbsp;Fahrzeuge gar nicht mehr laufen und sich der Weg zur Werkstatt schwierig bis unm\u00f6glich gestaltet. Schlie\u00dflich hat nicht jeder einen Transporter oder Anh\u00e4nger vor der T\u00fcr stehen. Mit unserem Abhol- und Lieferservice bieten eine unkomplizierte L\u00f6sung genau f\u00fcr diesen Fall.<\/p>\n\n\n\n<p>Nach telefonischer Absprache holen wir Dein Fahrzeug zeitnah und kosteng\u00fcnstig ab, f\u00fchren die Reparatur durch und liefern es bei Wunsch auch wieder nach Hause.<\/p>\n\n\n\n<p>Meist l\u00e4sst sich eine Abholung spontan einrichten und geschieht kurze Zeit nach Auftrag. Im Regelfall jedoch am n\u00e4chsten Werktag.<\/p>\n\n\n\n<p>Unser flexibler Abholservice kommt nat\u00fcrlich auch bei Gew\u00e4hrleistungsanspr\u00fcchen zum Einsatz. Sollte bei einem gekauften oder erst k\u00fcrzlich repariertem Fahrzeug ein Problem auftreten, holen wir auch dieses schnell und unkompliziert ab. Hier liegt die Priorit\u00e4t sehr hoch, wodurch kurze Wartezeiten entstehen.<\/p>\n\n\n\n<p>Im Gew\u00e4hrleistungsfall ist der Transport nat\u00fcrlich kostenlos.<\/p>\n\n\n\n<figure class=\"wp-block-image size-full\"><img loading=\"lazy\" decoding=\"async\" width=\"800\" height=\"450\" src=\"https:\/\/die2raeder.de\/wpn\/wp-content\/uploads\/2023\/11\/WhatsApp-Image-2023-11-29-at-19.37.04-Kopie.jpeg\" alt=\"\" class=\"wp-image-906\" srcset=\"https:\/\/die2raeder.de\/wpn\/wp-content\/uploads\/2023\/11\/WhatsApp-Image-2023-11-29-at-19.37.04-Kopie.jpeg 800w, https:\/\/die2raeder.de\/wpn\/wp-content\/uploads\/2023\/11\/WhatsApp-Image-2023-11-29-at-19.37.04-Kopie-300x169.jpeg 300w, https:\/\/die2raeder.de\/wpn\/wp-content\/uploads\/2023\/11\/WhatsApp-Image-2023-11-29-at-19.37.04-Kopie-768x432.jpeg 768w\" sizes=\"auto, (max-width: 800px) 100vw, 800px\" \/><\/figure>\n<\/div>\n\n\n\n<div class=\"wp-block-column is-layout-flow wp-block-column-is-layout-flow\" style=\"flex-basis:33.33%\">\n<h3 class=\"wp-block-heading\"><mark style=\"background-color:rgba(0, 0, 0, 0);color:#fc8813\" class=\"has-inline-color\"><i class=\"fas fa-coins\"><\/i> <strong>Kosten<\/strong><\/mark><\/h3>\n\n\n\n<ul class=\"wp-block-list\">\n<li><mark style=\"background-color:rgba(0, 0, 0, 0);color:#fc8813\" class=\"has-inline-color\">Werne 20,00\u20ac<\/mark><\/li>\n\n\n\n<li><mark style=\"background-color:rgba(0, 0, 0, 0);color:#fc8813\" class=\"has-inline-color\">Stockum, S\u00fcdkirchen, Werne R\u00fcnthe 30,00\u20ac<\/mark><\/li>\n\n\n\n<li><mark style=\"background-color:rgba(0, 0, 0, 0);color:#fc8813\" class=\"has-inline-color\">Bergkamen, Selm, Herbern, L\u00fcnen-City 40,00\u20ac <\/mark><\/li>\n\n\n\n<li><mark style=\"background-color:rgba(0, 0, 0, 0);color:#fc8813\" class=\"has-inline-color\">Hamm-City, Gahmen, Brambauer, L\u00fcnen-S\u00fcd, Kamen, Nordkirchen 45,00\u20ac<\/mark><\/li>\n\n\n\n<li><mark style=\"background-color:rgba(0, 0, 0, 0);color:#fc8813\" class=\"has-inline-color\">L\u00fcdinghausen, Dortmund-Nord, Unna, Ascheberg 60,00\u20ac<\/mark><\/li>\n\n\n\n<li><mark style=\"background-color:rgba(0, 0, 0, 0);color:#fc8813\" class=\"has-inline-color\">Dortmund-City, Holzwickede, M\u00fcnster 80,00\u20ac<\/mark><\/li>\n<\/ul>\n\n\n\n<p><mark style=\"background-color:rgba(0, 0, 0, 0);color:#fc8813\" class=\"has-inline-color\">Dein Ort ist nicht aufgef\u00fchrt? Ruf uns dazu bitte einfach an. Weiter entfernte Orte ebenfalls nach Absprache m\u00f6glich.<\/mark><\/p>\n\n\n\n<p><mark style=\"background-color:rgba(0, 0, 0, 0);color:#fc8813\" class=\"has-inline-color\">Die Preise beziehen sich auf einen Weg.<\/mark><\/p>\n<\/div>\n<\/div>\n","protected":false},"excerpt":{"rendered":"<p>Es ist nicht selten, dass reparaturbed\u00fcrftige&nbsp;Fahrzeuge gar nicht mehr laufen und sich der Weg zur Werkstatt schwierig bis unm\u00f6glich gestaltet. Schlie\u00dflich hat nicht jeder einen&hellip;<\/p>\n","protected":false},"author":1,"featured_media":0,"parent":0,"menu_order":0,"comment_status":"closed","ping_status":"closed","template":"","meta":{"footnotes":""},"class_list":["post-33","page","type-page","status-publish","hentry"],"_links":{"self":[{"href":"https:\/\/die2raeder.de\/wpn\/wp-json\/wp\/v2\/pages\/33","targetHints":{"allow":["GET"]}}],"collection":[{"href":"https:\/\/die2raeder.de\/wpn\/wp-json\/wp\/v2\/pages"}],"about":[{"href":"https:\/\/die2raeder.de\/wpn\/wp-json\/wp\/v2\/types\/page"}],"author":[{"embeddable":true,"href":"https:\/\/die2raeder.de\/wpn\/wp-json\/wp\/v2\/users\/1"}],"replies":[{"embeddable":true,"href":"https:\/\/die2raeder.de\/wpn\/wp-json\/wp\/v2\/comments?post=33"}],"version-history":[{"count":7,"href":"https:\/\/die2raeder.de\/wpn\/wp-json\/wp\/v2\/pages\/33\/revisions"}],"predecessor-version":[{"id":955,"href":"https:\/\/die2raeder.de\/wpn\/wp-json\/wp\/v2\/pages\/33\/revisions\/955"}],"wp:attachment":[{"href":"https:\/\/die2raeder.de\/wpn\/wp-json\/wp\/v2\/media?parent=33"}],"curies":[{"name":"wp","href":"https:\/\/api.w.org\/{rel}","templated":true}]}}

<div class="wp-block-columns is-layout-flex wp-container-core-columns-is-layout-9d6595d7 wp-block-columns-is-layout-flex">
<div class="wp-block-column is-layout-flow wp-block-column-is-layout-flow" style="flex-basis:66.66%">
<p>Es ist nicht selten, dass reparaturbedürftige&nbsp;Fahrzeuge gar nicht mehr laufen und sich der Weg zur Werkstatt schwierig bis unmöglich gestaltet. Schließlich hat nicht jeder einen Transporter oder Anhänger vor der Tür stehen. Mit unserem Abhol- und Lieferservice bieten eine unkomplizierte Lösung genau für diesen Fall.</p>



<p>Nach telefonischer Absprache holen wir Dein Fahrzeug zeitnah und kostengünstig ab, führen die Reparatur durch und liefern es bei Wunsch auch wieder nach Hause.</p>



<p>Meist lässt sich eine Abholung spontan einrichten und geschieht kurze Zeit nach Auftrag. Im Regelfall jedoch am nächsten Werktag.</p>



<p>Unser flexibler Abholservice kommt natürlich auch bei Gewährleistungsansprüchen zum Einsatz. Sollte bei einem gekauften oder erst kürzlich repariertem Fahrzeug ein Problem auftreten, holen wir auch dieses schnell und unkompliziert ab. Hier liegt die Priorität sehr hoch, wodurch kurze Wartezeiten entstehen.</p>



<p>Im Gewährleistungsfall ist der Transport natürlich kostenlos.</p>



<figure class="wp-block-image size-full"><img loading="lazy" decoding="async" width="800" height="450" src="https://die2raeder.de/wpn/wp-content/uploads/2023/11/WhatsApp-Image-2023-11-29-at-19.37.04-Kopie.jpeg" alt="" class="wp-image-906" srcset="https://die2raeder.de/wpn/wp-content/uploads/2023/11/WhatsApp-Image-2023-11-29-at-19.37.04-Kopie.jpeg 800w, https://die2raeder.de/wpn/wp-content/uploads/2023/11/WhatsApp-Image-2023-11-29-at-19.37.04-Kopie-300x169.jpeg 300w, https://die2raeder.de/wpn/wp-content/uploads/2023/11/WhatsApp-Image-2023-11-29-at-19.37.04-Kopie-768x432.jpeg 768w" sizes="auto, (max-width: 800px) 100vw, 800px" /></figure>
</div>



<div class="wp-block-column is-layout-flow wp-block-column-is-layout-flow" style="flex-basis:33.33%">
<h3 class="wp-block-heading"><mark style="background-color:rgba(0, 0, 0, 0);color:#fc8813" class="has-inline-color"><i class="fas fa-coins"></i> <strong>Kosten</strong></mark></h3>



<ul class="wp-block-list">
<li><mark style="background-color:rgba(0, 0, 0, 0);color:#fc8813" class="has-inline-color">Werne 20,00€</mark></li>



<li><mark style="background-color:rgba(0, 0, 0, 0);color:#fc8813" class="has-inline-color">Stockum, Südkirchen, Werne Rünthe 30,00€</mark></li>



<li><mark style="background-color:rgba(0, 0, 0, 0);color:#fc8813" class="has-inline-color">Bergkamen, Selm, Herbern, Lünen-City 40,00€ </mark></li>



<li><mark style="background-color:rgba(0, 0, 0, 0);color:#fc8813" class="has-inline-color">Hamm-City, Gahmen, Brambauer, Lünen-Süd, Kamen, Nordkirchen 45,00€</mark></li>



<li><mark style="background-color:rgba(0, 0, 0, 0);color:#fc8813" class="has-inline-color">Lüdinghausen, Dortmund-Nord, Unna, Ascheberg 60,00€</mark></li>



<li><mark style="background-color:rgba(0, 0, 0, 0);color:#fc8813" class="has-inline-color">Dortmund-City, Holzwickede, Münster 80,00€</mark></li>
</ul>



<p><mark style="background-color:rgba(0, 0, 0, 0);color:#fc8813" class="has-inline-color">Dein Ort ist nicht aufgeführt? Ruf uns dazu bitte einfach an. Weiter entfernte Orte ebenfalls nach Absprache möglich.</mark></p>



<p><mark style="background-color:rgba(0, 0, 0, 0);color:#fc8813" class="has-inline-color">Die Preise beziehen sich auf einen Weg.</mark></p>
</div>
</div>

<p>Es ist nicht selten, dass reparaturbedürftige&nbsp;Fahrzeuge gar nicht mehr laufen und sich der Weg zur Werkstatt schwierig bis unmöglich gestaltet. Schließlich hat nicht jeder einen&hellip;</p>
