{"id":61,"date":"2023-11-22T19:55:33","date_gmt":"2023-11-22T18:55:33","guid":{"rendered":"https:\/\/die2raeder.de\/wpn\/?page_id=61"},"modified":"2023-11-30T12:13:00","modified_gmt":"2023-11-30T11:13:00","slug":"haeufige-fragen","status":"publish","type":"page","link":"https:\/\/die2raeder.de\/wpn\/haeufige-fragen\/","title":{"rendered":"H\u00e4ufige Fragen"},"content":{"rendered":"<div class=\"wp-block-image\">\n<figure class=\"aligncenter size-full\"><img loading=\"lazy\" decoding=\"async\" width=\"772\" height=\"92\" src=\"https:\/\/die2raeder.de\/wpn\/wp-content\/uploads\/2023\/11\/frage_banner.jpg\" alt=\"\" class=\"wp-image-727\" srcset=\"https:\/\/die2raeder.de\/wpn\/wp-content\/uploads\/2023\/11\/frage_banner.jpg 772w, https:\/\/die2raeder.de\/wpn\/wp-content\/uploads\/2023\/11\/frage_banner-300x36.jpg 300w, https:\/\/die2raeder.de\/wpn\/wp-content\/uploads\/2023\/11\/frage_banner-768x92.jpg 768w\" sizes=\"auto, (max-width: 772px) 100vw, 772px\" \/><\/figure>\n<\/div>\n\n\n<p><\/p>\n\n\n\n<p>Wir arbeiten nun alle schon sehr lange in dieser Branche. Mehrere Generationen junger Roller Fahrer gingen bei uns ein und aus. Auch wenn jeder Kunde unterschiedlich ist und es Spa\u00df macht sich darauf einzustellen, h\u00f6ren wir seit Jahren die selben ber\u00fchmten Fragen&#8230; immer wieder. In einer Endlosschleife die wahrscheinlich nie enden wird.<\/p>\n\n\n\n<p>Wir beantworten diese Fragen zwar&nbsp;<del>gerne<\/del>&nbsp;geduldig und ausf\u00fchrlich :), m\u00f6chten aber dennoch auf dieser Seite ein&nbsp;Sammelsurium&nbsp;sehr h\u00e4ufig gestellter Fragen bieten. Diese Seite wird aktualisiert, sobald uns eine st\u00e4ndig wiederkehrende Frage auff\u00e4llt.<\/p>\n\n\n\n<h3 class=\"wp-block-heading\"><strong><mark style=\"background-color:rgba(0, 0, 0, 0);color:#fc8813\" class=\"has-inline-color\"><i class=\"fas fa-circle-question\"><\/i><\/mark> <\/strong><mark style=\"background-color:rgba(0, 0, 0, 0);color:#fc8813\" class=\"has-inline-color\"><strong>Wie schnell darf ich mit meiner Mofa fahren ohne das die Polizei etwas sagt?<\/strong><\/mark><\/h3>\n\n\n\n<p>Die zul\u00e4ssige H\u00f6chstgeschwindigkeit f\u00fcr Mofas liegt bei 25km\/h. Zieht man die&nbsp;<a href=\"https:\/\/www.verkehrsportal.de\/verkehrsrecht\/toleranz.php\" target=\"_blank\" rel=\"noreferrer noopener\">Messtoleranz<\/a>&nbsp;von 3km\/h ab, sind theoretisch bei perfekt abgestimmtem Messger\u00e4t 28km\/h m\u00f6glich.<\/p>\n\n\n\n<p>In der Praxis ist die Toleranz jedoch individuell zu betrachten. Manche dr\u00fccken bei 35km\/h ein Auge zu, andere lassen das Fahrzeug bei gemessenen 29km\/h abschleppen.<\/p>\n\n\n\n<p>Unserer Erfahrung nach ist Euer pers\u00f6nliches Verhalten ma\u00dfgeblich an dem Ausgang einer Kontrolle beteiligt. Polizisten reagieren meist allergisch auf Respektlosigkeit.<\/p>\n\n\n\n<p>Erhaltet euch freundlich und erkl\u00e4rt eure Situation. Es gibt keine Ausrede daf\u00fcr, dass man mit einer Mofa mit 40km\/h durch eine 30er Zone knattert, also versucht keine zu finden sondern seht den Fehler ein. Auch wenn es etwas abgedroschen klingt: Freundlichkeit und Ehrlichkeit zahlt sich hier aus. Polizisten sind auch nur Menschen und haben in der Regel nicht vor euch das Leben wegen 5km\/h zur Qual zu machen.<\/p>\n\n\n\n<hr class=\"wp-block-separator has-alpha-channel-opacity\"\/>\n\n\n\n<h3 class=\"wp-block-heading\"><strong><mark style=\"background-color:rgba(0, 0, 0, 0);color:#fc8813\" class=\"has-inline-color\"><mark style=\"background-color:rgba(0, 0, 0, 0);color:#fc8813\" class=\"has-inline-color\"><i class=\"fas fa-circle-question\"><\/i><\/mark><\/mark> <mark style=\"background-color:rgba(0, 0, 0, 0);color:#fc8813\" class=\"has-inline-color\">Ist ein Sportauspuff mit ABE f\u00fcr Mofaroller erlaubt und macht es Sinn?<\/mark><\/strong><\/h3>\n\n\n\n<p>Wenn man es genau nimmt: Nein. Sportauspuffanlagen mit ABE sind f\u00fcr die 50er Variante des jeweiligen Motorrollers homologiert. Die ABE gilt demnach nicht f\u00fcr die 25er Variante. Diesen Umstand kennt zwar nicht jeder, macht ihn allerdings nicht weniger wahr.<\/p>\n\n\n\n<p>Zus\u00e4tzlich kommt das Problem hinzu, dass Sportauspuffanlagen sehr bescheiden mit den 25km\/h und der damit verbundenen Drehzahl klar kommen.<\/p>\n\n\n\n<p>Eine Sportauspuffanlage entfaltet ihre Leistung meist in einer deutlich h\u00f6heren Drehzahl als der original Auspuff. Da eine Mofa in der Drehzahl begrenzt wird, liegt die vorhandene Drehzahl viel niedriger als die f\u00fcr einen Sportauspuff ben\u00f6tigte.<\/p>\n\n\n\n<p>Sportauspuffanlagen mit ABE machen erst ab 45km\/h bzw. der damit verbundenen Drehzahl Sinn. Langsamere Fahrzeuge haben mit Sportauspuffanlagen eine sehr schlechte Beschleunigung und ein ebenso schlechtes Fahrverhalten.<\/p>\n\n\n\n<hr class=\"wp-block-separator has-alpha-channel-opacity\"\/>\n\n\n\n<h3 class=\"wp-block-heading\"><mark style=\"background-color:rgba(0, 0, 0, 0);color:#fc8813\" class=\"has-inline-color\"><strong><i class=\"fas fa-circle-question\"><\/i> Sind Downhill-Lenker am Roller erlaubt? (Pascal G. aus Kallm\u00fcnz)<\/strong><\/mark><\/h3>\n\n\n\n<p>Prinzipiell gilt bei Anbauteilen aus dem Zubeh\u00f6r folgende Regel:<\/p>\n\n\n\n<p><strong><em>&#8222;Bauliche Ver\u00e4nderungen am Fahrzeug f\u00fchren zum Erl\u00f6schen der Betriebserlaubnis.&#8220;<\/em><\/strong><\/p>\n\n\n\n<p>Die Regel k\u00f6nnt ihr auf alles anwenden. Ob BCD Heck, F1-Spiegel, Spoiler, Downhill-Lenker, Auspuffanlagen &#8211; es greift immer die oben genannten Regel. Da ich euch schon laut &#8222;<em>JA, ABER<\/em>&#8220; rufen h\u00f6re, f\u00fchren wir das Ganze mal etwas weiter aus.<\/p>\n\n\n\n<p>Mit einer &#8222;Allgemeinen Betriebserlaubnis&#8220; (ABE) erhaltet ihr, wie der Name schon sagt, eine allgemeine Erlaubnis f\u00fcr den Anbau eines bestimmten Bauteils an eurem Roller. Diese ABE gilt, solang die vom Hersteller vorgeschriebenen &nbsp;Einschr\u00e4nkungen und Anbauvorschriften eingehalten werden.<\/p>\n\n\n\n<hr class=\"wp-block-separator has-alpha-channel-opacity\"\/>\n\n\n\n<h3 class=\"wp-block-heading\"><strong><mark style=\"background-color:rgba(0, 0, 0, 0);color:#fc8813\" class=\"has-inline-color\"><i class=\"fas fa-circle-question\"><\/i><\/mark> <mark style=\"background-color:rgba(0, 0, 0, 0);color:#fc8813\" class=\"has-inline-color\">Sind Downhill-Lenker am Roller denn nun erlaubt?<\/mark><\/strong><\/h3>\n\n\n\n<p>Es gibt derzeit keine Downhill-Lenker mit ABE f\u00fcr Motorroller.<br>Ein Downhill-Lenker ist eine bauliche Ver\u00e4nderung am Fahrzeug.<\/p>\n\n\n\n<p>Kurz: N\u00f6, ist leider nicht erlaubt.<\/p>\n\n\n\n<p>Egal was f\u00fcr Geschichten so erz\u00e4hlt werden. Manche sagen ein Downhill-Lenker mit 4-Punkt Aufnahme sei erlaubt. Stimmt nicht, weil auch dieser keine ABE hat und eine bauliche Ver\u00e4nderung darstellt. Andere erz\u00e4hlen, dass es erlaubt w\u00e4re, wenn man ein Tacho mit ABE verwendet. Stimmt leider auch nicht, weil der Tacho keine ABE f\u00fcr den Lenker herzaubert.<\/p>\n\n\n\n<p>Dann gibt es findige Tuner die Lenker aus dem Motorradbereich mit KBA-Nummer kaufen und meinen sie h\u00e4tten eine allgemeine Erlaubnis f\u00fcr Motorroller. Ist leider auch nicht der Fall, da diese Lenker immer nur f\u00fcr spezielle Motorr\u00e4der erlaubt und nicht f\u00fcr den allgemeinen Einsatz bestimmt sind.<em>&nbsp;&#8222;vorgeschriebenen &nbsp;Einschr\u00e4nkungen und Anbauvorschriften&#8220;,&nbsp;<\/em>ihr erinnert euch&nbsp;<i class=\"fas fa-face-smile-wink\"><\/i> <\/p>\n\n\n\n<p>Es gab mal von Metrakit unter dem Label &#8222;Metramorfosis&#8220; einen Downhill-Lenker mit ABE f\u00fcr Yamaha Aerox. Dieser war in Verbindung mit einem speziellen Tacho tats\u00e4chlich erlaubt. Den gibt es aber soweit wir wissen nicht mehr. Das ist die uns einzig bekannte legitime Ausnahme.<\/p>\n\n\n\n<p>Die einzige Chance besteht durch eine Einzelabnahme nach \u00a721. Dabei wird der ganze Roller neu abgenommen. Daf\u00fcr muss sich allerdings der richtige Pr\u00fcfer finden und leider ist diese Variante auch sehr kostspielig. Lohnt sich in der Regel nicht.<\/p>\n\n\n\n<hr class=\"wp-block-separator has-alpha-channel-opacity\"\/>\n\n\n\n<h3 class=\"wp-block-heading\"><mark style=\"background-color:rgba(0, 0, 0, 0);color:#fc8813\" class=\"has-inline-color\"><strong><i class=\"fas fa-circle-question\"><\/i> &#8222;Mein Kollege wurde schon mit Downie angehalten und dem ist nix passiert!&#8220;<\/strong><\/mark><\/h3>\n\n\n\n<p><strong>&#8222;Mein Kollege wurde schon mit Downie angehalten und dem ist nix passiert!&#8220;<\/strong><\/p>\n\n\n\n<p>Tja. Mein Kollege ist mal nachts besoffen mit dem Fahrrad erwischt worden. Den hat die Polizei kostenlos nach hause gefahren. Und da die Jungs mit dem Bulli unterwegs waren haben die ihm das Fahrrad gleich mit transportiert.&nbsp;<\/p>\n\n\n\n<p>Polizei Beamte sind auch nur Menschen. Manche sind locker drauf und dr\u00fccken ein Auge zu, andere sind sehr streng und pflichtbewusst. Das ist reine Gl\u00fcckssache.<\/p>\n\n\n\n<p>Wenn man auf Nummer Sicher gehen will, sollte man jedoch weder besoffen Fahrrad fahren noch mit nem Downhill-Lenker ohne ABE durch die Gegend heizen&nbsp;<\/p>\n","protected":false},"excerpt":{"rendered":"<p>Wir arbeiten nun alle schon sehr lange in dieser Branche. Mehrere Generationen junger Roller Fahrer gingen bei uns ein und aus. Auch wenn jeder Kunde&hellip;<\/p>\n","protected":false},"author":1,"featured_media":0,"parent":0,"menu_order":0,"comment_status":"closed","ping_status":"closed","template":"","meta":{"footnotes":""},"class_list":["post-61","page","type-page","status-publish","hentry"],"_links":{"self":[{"href":"https:\/\/die2raeder.de\/wpn\/wp-json\/wp\/v2\/pages\/61","targetHints":{"allow":["GET"]}}],"collection":[{"href":"https:\/\/die2raeder.de\/wpn\/wp-json\/wp\/v2\/pages"}],"about":[{"href":"https:\/\/die2raeder.de\/wpn\/wp-json\/wp\/v2\/types\/page"}],"author":[{"embeddable":true,"href":"https:\/\/die2raeder.de\/wpn\/wp-json\/wp\/v2\/users\/1"}],"replies":[{"embeddable":true,"href":"https:\/\/die2raeder.de\/wpn\/wp-json\/wp\/v2\/comments?post=61"}],"version-history":[{"count":7,"href":"https:\/\/die2raeder.de\/wpn\/wp-json\/wp\/v2\/pages\/61\/revisions"}],"predecessor-version":[{"id":951,"href":"https:\/\/die2raeder.de\/wpn\/wp-json\/wp\/v2\/pages\/61\/revisions\/951"}],"wp:attachment":[{"href":"https:\/\/die2raeder.de\/wpn\/wp-json\/wp\/v2\/media?parent=61"}],"curies":[{"name":"wp","href":"https:\/\/api.w.org\/{rel}","templated":true}]}}

Häufige Fragen

<div class="wp-block-image">
<figure class="aligncenter size-full"><img loading="lazy" decoding="async" width="772" height="92" src="https://die2raeder.de/wpn/wp-content/uploads/2023/11/frage_banner.jpg" alt="" class="wp-image-727" srcset="https://die2raeder.de/wpn/wp-content/uploads/2023/11/frage_banner.jpg 772w, https://die2raeder.de/wpn/wp-content/uploads/2023/11/frage_banner-300x36.jpg 300w, https://die2raeder.de/wpn/wp-content/uploads/2023/11/frage_banner-768x92.jpg 768w" sizes="auto, (max-width: 772px) 100vw, 772px" /></figure>
</div>


<p></p>



<p>Wir arbeiten nun alle schon sehr lange in dieser Branche. Mehrere Generationen junger Roller Fahrer gingen bei uns ein und aus. Auch wenn jeder Kunde unterschiedlich ist und es Spaß macht sich darauf einzustellen, hören wir seit Jahren die selben berühmten Fragen&#8230; immer wieder. In einer Endlosschleife die wahrscheinlich nie enden wird.</p>



<p>Wir beantworten diese Fragen zwar&nbsp;<del>gerne</del>&nbsp;geduldig und ausführlich :), möchten aber dennoch auf dieser Seite ein&nbsp;Sammelsurium&nbsp;sehr häufig gestellter Fragen bieten. Diese Seite wird aktualisiert, sobald uns eine ständig wiederkehrende Frage auffällt.</p>



<h3 class="wp-block-heading"><strong><mark style="background-color:rgba(0, 0, 0, 0);color:#fc8813" class="has-inline-color"><i class="fas fa-circle-question"></i></mark> </strong><mark style="background-color:rgba(0, 0, 0, 0);color:#fc8813" class="has-inline-color"><strong>Wie schnell darf ich mit meiner Mofa fahren ohne das die Polizei etwas sagt?</strong></mark></h3>



<p>Die zulässige Höchstgeschwindigkeit für Mofas liegt bei 25km/h. Zieht man die&nbsp;<a href="https://www.verkehrsportal.de/verkehrsrecht/toleranz.php" target="_blank" rel="noreferrer noopener">Messtoleranz</a>&nbsp;von 3km/h ab, sind theoretisch bei perfekt abgestimmtem Messgerät 28km/h möglich.</p>



<p>In der Praxis ist die Toleranz jedoch individuell zu betrachten. Manche drücken bei 35km/h ein Auge zu, andere lassen das Fahrzeug bei gemessenen 29km/h abschleppen.</p>



<p>Unserer Erfahrung nach ist Euer persönliches Verhalten maßgeblich an dem Ausgang einer Kontrolle beteiligt. Polizisten reagieren meist allergisch auf Respektlosigkeit.</p>



<p>Erhaltet euch freundlich und erklärt eure Situation. Es gibt keine Ausrede dafür, dass man mit einer Mofa mit 40km/h durch eine 30er Zone knattert, also versucht keine zu finden sondern seht den Fehler ein. Auch wenn es etwas abgedroschen klingt: Freundlichkeit und Ehrlichkeit zahlt sich hier aus. Polizisten sind auch nur Menschen und haben in der Regel nicht vor euch das Leben wegen 5km/h zur Qual zu machen.</p>



<hr class="wp-block-separator has-alpha-channel-opacity"/>



<h3 class="wp-block-heading"><strong><mark style="background-color:rgba(0, 0, 0, 0);color:#fc8813" class="has-inline-color"><mark style="background-color:rgba(0, 0, 0, 0);color:#fc8813" class="has-inline-color"><i class="fas fa-circle-question"></i></mark></mark> <mark style="background-color:rgba(0, 0, 0, 0);color:#fc8813" class="has-inline-color">Ist ein Sportauspuff mit ABE für Mofaroller erlaubt und macht es Sinn?</mark></strong></h3>



<p>Wenn man es genau nimmt: Nein. Sportauspuffanlagen mit ABE sind für die 50er Variante des jeweiligen Motorrollers homologiert. Die ABE gilt demnach nicht für die 25er Variante. Diesen Umstand kennt zwar nicht jeder, macht ihn allerdings nicht weniger wahr.</p>



<p>Zusätzlich kommt das Problem hinzu, dass Sportauspuffanlagen sehr bescheiden mit den 25km/h und der damit verbundenen Drehzahl klar kommen.</p>



<p>Eine Sportauspuffanlage entfaltet ihre Leistung meist in einer deutlich höheren Drehzahl als der original Auspuff. Da eine Mofa in der Drehzahl begrenzt wird, liegt die vorhandene Drehzahl viel niedriger als die für einen Sportauspuff benötigte.</p>



<p>Sportauspuffanlagen mit ABE machen erst ab 45km/h bzw. der damit verbundenen Drehzahl Sinn. Langsamere Fahrzeuge haben mit Sportauspuffanlagen eine sehr schlechte Beschleunigung und ein ebenso schlechtes Fahrverhalten.</p>



<hr class="wp-block-separator has-alpha-channel-opacity"/>



<h3 class="wp-block-heading"><mark style="background-color:rgba(0, 0, 0, 0);color:#fc8813" class="has-inline-color"><strong><i class="fas fa-circle-question"></i> Sind Downhill-Lenker am Roller erlaubt? (Pascal G. aus Kallmünz)</strong></mark></h3>



<p>Prinzipiell gilt bei Anbauteilen aus dem Zubehör folgende Regel:</p>



<p><strong><em>&#8222;Bauliche Veränderungen am Fahrzeug führen zum Erlöschen der Betriebserlaubnis.&#8220;</em></strong></p>



<p>Die Regel könnt ihr auf alles anwenden. Ob BCD Heck, F1-Spiegel, Spoiler, Downhill-Lenker, Auspuffanlagen &#8211; es greift immer die oben genannten Regel. Da ich euch schon laut &#8222;<em>JA, ABER</em>&#8220; rufen höre, führen wir das Ganze mal etwas weiter aus.</p>



<p>Mit einer &#8222;Allgemeinen Betriebserlaubnis&#8220; (ABE) erhaltet ihr, wie der Name schon sagt, eine allgemeine Erlaubnis für den Anbau eines bestimmten Bauteils an eurem Roller. Diese ABE gilt, solang die vom Hersteller vorgeschriebenen &nbsp;Einschränkungen und Anbauvorschriften eingehalten werden.</p>



<hr class="wp-block-separator has-alpha-channel-opacity"/>



<h3 class="wp-block-heading"><strong><mark style="background-color:rgba(0, 0, 0, 0);color:#fc8813" class="has-inline-color"><i class="fas fa-circle-question"></i></mark> <mark style="background-color:rgba(0, 0, 0, 0);color:#fc8813" class="has-inline-color">Sind Downhill-Lenker am Roller denn nun erlaubt?</mark></strong></h3>



<p>Es gibt derzeit keine Downhill-Lenker mit ABE für Motorroller.<br>Ein Downhill-Lenker ist eine bauliche Veränderung am Fahrzeug.</p>



<p>Kurz: Nö, ist leider nicht erlaubt.</p>



<p>Egal was für Geschichten so erzählt werden. Manche sagen ein Downhill-Lenker mit 4-Punkt Aufnahme sei erlaubt. Stimmt nicht, weil auch dieser keine ABE hat und eine bauliche Veränderung darstellt. Andere erzählen, dass es erlaubt wäre, wenn man ein Tacho mit ABE verwendet. Stimmt leider auch nicht, weil der Tacho keine ABE für den Lenker herzaubert.</p>



<p>Dann gibt es findige Tuner die Lenker aus dem Motorradbereich mit KBA-Nummer kaufen und meinen sie hätten eine allgemeine Erlaubnis für Motorroller. Ist leider auch nicht der Fall, da diese Lenker immer nur für spezielle Motorräder erlaubt und nicht für den allgemeinen Einsatz bestimmt sind.<em>&nbsp;&#8222;vorgeschriebenen &nbsp;Einschränkungen und Anbauvorschriften&#8220;,&nbsp;</em>ihr erinnert euch&nbsp;<i class="fas fa-face-smile-wink"></i> </p>



<p>Es gab mal von Metrakit unter dem Label &#8222;Metramorfosis&#8220; einen Downhill-Lenker mit ABE für Yamaha Aerox. Dieser war in Verbindung mit einem speziellen Tacho tatsächlich erlaubt. Den gibt es aber soweit wir wissen nicht mehr. Das ist die uns einzig bekannte legitime Ausnahme.</p>



<p>Die einzige Chance besteht durch eine Einzelabnahme nach §21. Dabei wird der ganze Roller neu abgenommen. Dafür muss sich allerdings der richtige Prüfer finden und leider ist diese Variante auch sehr kostspielig. Lohnt sich in der Regel nicht.</p>



<hr class="wp-block-separator has-alpha-channel-opacity"/>



<h3 class="wp-block-heading"><mark style="background-color:rgba(0, 0, 0, 0);color:#fc8813" class="has-inline-color"><strong><i class="fas fa-circle-question"></i> &#8222;Mein Kollege wurde schon mit Downie angehalten und dem ist nix passiert!&#8220;</strong></mark></h3>



<p><strong>&#8222;Mein Kollege wurde schon mit Downie angehalten und dem ist nix passiert!&#8220;</strong></p>



<p>Tja. Mein Kollege ist mal nachts besoffen mit dem Fahrrad erwischt worden. Den hat die Polizei kostenlos nach hause gefahren. Und da die Jungs mit dem Bulli unterwegs waren haben die ihm das Fahrrad gleich mit transportiert.&nbsp;</p>



<p>Polizei Beamte sind auch nur Menschen. Manche sind locker drauf und drücken ein Auge zu, andere sind sehr streng und pflichtbewusst. Das ist reine Glückssache.</p>



<p>Wenn man auf Nummer Sicher gehen will, sollte man jedoch weder besoffen Fahrrad fahren noch mit nem Downhill-Lenker ohne ABE durch die Gegend heizen&nbsp;</p>
